{"id":15,"date":"2012-03-23T13:53:35","date_gmt":"2012-03-23T12:53:35","guid":{"rendered":"http:\/\/monteagudo.info\/web\/?page_id=15"},"modified":"2019-11-28T15:03:45","modified_gmt":"2019-11-28T14:03:45","slug":"geografia","status":"publish","type":"page","link":"https:\/\/monteagudo.info\/web\/secciones\/geografia\/","title":{"rendered":"Geograf\u00eda"},"content":{"rendered":"<p style=\"text-align: justify;\"><strong>Situaci\u00f3n<\/strong><\/p>\n<p style=\"text-align: justify;\">Pedan\u00eda situada al NE del t\u00e9rmino municipal de Murcia, a una altitud de 50 m sobre el nivel del mar, cuyo n\u00facleo principal de poblaci\u00f3n dista de la capital unos 4 kms. Tiene una superficie aproximada de 5,172 km<sup>2<\/sup>.<\/p>\n<p style=\"text-align: justify;\">Limita al Norte y Este por la pedan\u00eda de El Esparragal; al Noroeste por la pedan\u00eda de Cabezo de Torres; al Sudoeste por la pedan\u00eda de Zarandona; y, al Sureste, por la tambi\u00e9n pedan\u00eda de Casillas.<\/p>\n<p style=\"text-align: justify;\">La pedan\u00eda de Monteagudo se compone de los n\u00facleos de poblaci\u00f3n de:<\/p>\n<p style=\"text-align: justify;\"><strong>Monteagudo<\/strong>, con una poblaci\u00f3n de 2.080 habitantes y 2,8 km2 . Posee importes restos arqueol\u00f3gicos, entre los que destacan, junto a los tres castillos (Castillo de Monteagudo, Castillejo y Castillo del Larache), un asentamiento arg\u00e1rico, situado en la Plaza de S. Cayetano, junto a la Ermita de mismo nombre. En este enclave se construy\u00f3 un importante edificio tur\u00edstico, en torno a un gran museo arqueol\u00f3gico: \u00abCentro de Visitantes de San Cayetano\u00bb.El pueblo se extiende a los pies del elevado pe\u00f1\u00f3n que le da nombre, siendo uno de los s\u00edmbolos hist\u00f3ricos y culturales de la Huerta. Visible desde cualquier punto de la vega, la hermosa silueta de Monteagudo constituye junto a la Torre de la Catedral de Murcia o el Santuario de la Fuensanta, un hito inconfundible del paisaje de esta comarca.<\/p>\n<p style=\"text-align: justify;\"><strong>Las Lumbreras<\/strong>, poblaci\u00f3n de 1.200 habitantes y 1,2 km2.<\/p>\n<p style=\"text-align: justify;\"><strong>La Cueva<\/strong>, peque\u00f1a poblaci\u00f3n de 700 habitantes y 1,1 km2. Posee una vistosa fuente en el centro llamada la fuente de San Jos\u00e9. Tambi\u00e9n hay una gran cantera de piedra, cerrada desde 1968, que ha dado como resultado una orograf\u00eda muy singular.<\/p>\n","protected":false},"excerpt":{"rendered":"<p style=\"text-align: justify;\">Situaci\u00f3n<\/p>\n<p style=\"text-align: justify;\">Pedan\u00eda situada al NE del t\u00e9rmino municipal de Murcia, a una altitud de 50 m sobre el nivel del mar, cuyo n\u00facleo principal de poblaci\u00f3n dista de la capital unos 4 kms. Tiene una superficie aproximada de 5,172 km2.<\/p>\n<p style=\"text-align: justify;\">Limita al Norte y Este por la pedan\u00eda de &hellip; <\/p>\n<p><a class=\"more-link btn\" href=\"https:\/\/monteagudo.info\/web\/secciones\/geografia\/\">Seguir leyendo<\/a><\/p>\n","protected":false},"author":1,"featured_media":0,"parent":57,"menu_order":4,"comment_status":"closed","ping_status":"closed","template":"","meta":{"footnotes":""},"class_list":["post-15","page","type-page","status-publish","hentry","nodate","item-wrap"],"jetpack_sharing_enabled":true,"_links":{"self":[{"href":"https:\/\/monteagudo.info\/web\/wp-json\/wp\/v2\/pages\/15","targetHints":{"allow":["GET"]}}],"collection":[{"href":"https:\/\/monteagudo.info\/web\/wp-json\/wp\/v2\/pages"}],"about":[{"href":"https:\/\/monteagudo.info\/web\/wp-json\/wp\/v2\/types\/page"}],"author":[{"embeddable":true,"href":"https:\/\/monteagudo.info\/web\/wp-json\/wp\/v2\/users\/1"}],"replies":[{"embeddable":true,"href":"https:\/\/monteagudo.info\/web\/wp-json\/wp\/v2\/comments?post=15"}],"version-history":[{"count":8,"href":"https:\/\/monteagudo.info\/web\/wp-json\/wp\/v2\/pages\/15\/revisions"}],"predecessor-version":[{"id":4356,"href":"https:\/\/monteagudo.info\/web\/wp-json\/wp\/v2\/pages\/15\/revisions\/4356"}],"up":[{"embeddable":true,"href":"https:\/\/monteagudo.info\/web\/wp-json\/wp\/v2\/pages\/57"}],"wp:attachment":[{"href":"https:\/\/monteagudo.info\/web\/wp-json\/wp\/v2\/media?parent=15"}],"curies":[{"name":"wp","href":"https:\/\/api.w.org\/{rel}","templated":true}]}}