{"id":5585,"date":"2023-11-23T11:49:14","date_gmt":"2023-11-23T10:49:14","guid":{"rendered":"http:\/\/www.monteagudo.info\/web\/?page_id=5585"},"modified":"2023-11-23T11:57:07","modified_gmt":"2023-11-23T10:57:07","slug":"visitas-en-obra-al-castillejo","status":"publish","type":"page","link":"https:\/\/monteagudo.info\/web\/quehacer\/visitas-en-obra-al-castillejo\/","title":{"rendered":"Visitas en obra al \u00abCastillejo\u00bb"},"content":{"rendered":"<p><img loading=\"lazy\" decoding=\"async\" class=\"aligncenter wp-image-5586 size-large\" src=\"https:\/\/monteagudo.info\/web\/wp-content\/uploads\/2023\/11\/obrascastillejo-e1700736548582-1024x456.jpg\" alt=\"\" width=\"555\" height=\"247\" srcset=\"https:\/\/monteagudo.info\/web\/wp-content\/uploads\/2023\/11\/obrascastillejo-e1700736548582-1024x456.jpg 1024w, https:\/\/monteagudo.info\/web\/wp-content\/uploads\/2023\/11\/obrascastillejo-e1700736548582-300x133.jpg 300w, https:\/\/monteagudo.info\/web\/wp-content\/uploads\/2023\/11\/obrascastillejo-e1700736548582-768x342.jpg 768w, https:\/\/monteagudo.info\/web\/wp-content\/uploads\/2023\/11\/obrascastillejo-e1700736548582-1536x683.jpg 1536w, https:\/\/monteagudo.info\/web\/wp-content\/uploads\/2023\/11\/obrascastillejo-e1700736548582-555x247.jpg 555w, https:\/\/monteagudo.info\/web\/wp-content\/uploads\/2023\/11\/obrascastillejo-e1700736548582.jpg 2048w\" sizes=\"auto, (max-width: 555px) 100vw, 555px\" \/><\/p>\n<p><span style=\"font-weight: 400;\">El proyecto estrat\u00e9gico \u201cLas Fortalezas del Rey Lobo\u201d toma impulso con las intervenciones arqueol\u00f3gicas en el \u201cCastillejo\u201d. Son los primeros trabajos que se llevan a cabo en el palacio fortificado del emir Ibn Mardanis (Rey Lobo) desde las realizadas por Andr\u00e9s Sobejano en los a\u00f1os 1924-25.<\/span><\/p>\n<p><span style=\"font-weight: 400;\">En el recinto inferior se desarrolla una actuaci\u00f3n financiada con el 1,5% Cultural, tras la solicitud y proyecto realizado por el Ayuntamiento de Murcia en 2021.\u00a0 Ya dentro de la intervenci\u00f3n, se instalaron a finales de agosto los andamios para proceder, comenzando a partir de septiembre a realizar los trabajos de restauraci\u00f3n y conservaci\u00f3n.\u00a0<\/span><\/p>\n<p><span style=\"font-weight: 400;\">Desde el Ayuntamiento de Murcia <\/span><b>se propone la visita durante las obras de intervenci\u00f3n y excavaci\u00f3n<\/b><span style=\"font-weight: 400;\"> de la mano del equipo t\u00e9cnico y el servicio de arqueolog\u00eda municipal, para conocer la naturaleza de los trabajos que se est\u00e1n realizando, proyecci\u00f3n de futuras intervenciones, as\u00ed como los primeros hallazgos ya aparecidos. Se trata de las primeras visitas a este edificio en la historia.<\/span><\/p>\n<p><b>Punto de encuentro<\/b><\/p>\n<p><span style=\"font-weight: 400;\">El punto de encuentro es en el camino de acceso al palacio de ibn Mardanis (\u201cCastillejo\u201d) desde la Av. Alfonso X el Sabio. Se pueden dejar los veh\u00edculos m\u00e1s abajo en la misma calle, junto al cementerio.<\/span><\/p>\n<p><span style=\"font-weight: 400;\">Punto de encuentro:\u00a0<a href=\"https:\/\/maps.app.goo.gl\/5YhNQ6hu5gssgQcs9\">https:\/\/maps.app.goo.gl\/5YhNQ6hu5gssgQcs9<\/a><\/span><span style=\"font-weight: 400;\"><br \/>\n<\/span><\/p>\n<p><strong>Fechas e inscripciones<\/strong><\/p>\n<p>Mientras dure la intervenci\u00f3n, todos los martes y jueves (salvo festivos y puentes) se podr\u00e1 realizar la visita. Excepcionalmente se ofertar\u00e1n visitas en ocasiones especiales como fiestas de septiembre. Haga clic en el siguiente enlace para acceder al formulario de reserva.<\/p>\n<p><a href=\"https:\/\/restauracioncastillejomonteagudorecintoinferior.es\/agendar-visita-a-obra\/\">https:\/\/restauracioncastillejomonteagudorecintoinferior.es\/agendar-visita-a-obra\/<\/a><\/p>\n","protected":false},"excerpt":{"rendered":"<\/p>\n<p>El proyecto estrat\u00e9gico \u201cLas Fortalezas del Rey Lobo\u201d toma impulso con las intervenciones arqueol\u00f3gicas en el \u201cCastillejo\u201d. Son los primeros trabajos que se llevan a cabo en el palacio fortificado del emir Ibn Mardanis (Rey Lobo) desde las realizadas por Andr\u00e9s Sobejano en los a\u00f1os 1924-25.<\/p>\n<p>En el recinto inferior se desarrolla una actuaci\u00f3n &hellip; <\/p>\n<p><a class=\"more-link btn\" href=\"https:\/\/monteagudo.info\/web\/quehacer\/visitas-en-obra-al-castillejo\/\">Seguir leyendo<\/a><\/p>\n","protected":false},"author":2,"featured_media":0,"parent":2136,"menu_order":0,"comment_status":"open","ping_status":"closed","template":"","meta":{"footnotes":""},"class_list":["post-5585","page","type-page","status-publish","hentry","nodate","item-wrap"],"jetpack_sharing_enabled":true,"_links":{"self":[{"href":"https:\/\/monteagudo.info\/web\/wp-json\/wp\/v2\/pages\/5585","targetHints":{"allow":["GET"]}}],"collection":[{"href":"https:\/\/monteagudo.info\/web\/wp-json\/wp\/v2\/pages"}],"about":[{"href":"https:\/\/monteagudo.info\/web\/wp-json\/wp\/v2\/types\/page"}],"author":[{"embeddable":true,"href":"https:\/\/monteagudo.info\/web\/wp-json\/wp\/v2\/users\/2"}],"replies":[{"embeddable":true,"href":"https:\/\/monteagudo.info\/web\/wp-json\/wp\/v2\/comments?post=5585"}],"version-history":[{"count":4,"href":"https:\/\/monteagudo.info\/web\/wp-json\/wp\/v2\/pages\/5585\/revisions"}],"predecessor-version":[{"id":5590,"href":"https:\/\/monteagudo.info\/web\/wp-json\/wp\/v2\/pages\/5585\/revisions\/5590"}],"up":[{"embeddable":true,"href":"https:\/\/monteagudo.info\/web\/wp-json\/wp\/v2\/pages\/2136"}],"wp:attachment":[{"href":"https:\/\/monteagudo.info\/web\/wp-json\/wp\/v2\/media?parent=5585"}],"curies":[{"name":"wp","href":"https:\/\/api.w.org\/{rel}","templated":true}]}}