{"id":9,"date":"2012-03-23T13:52:15","date_gmt":"2012-03-23T12:52:15","guid":{"rendered":"http:\/\/monteagudo.info\/web\/?page_id=9"},"modified":"2023-07-26T12:45:00","modified_gmt":"2023-07-26T10:45:00","slug":"junta-municipal","status":"publish","type":"page","link":"https:\/\/monteagudo.info\/web\/secciones\/junta-municipal\/","title":{"rendered":"Junta Municipal"},"content":{"rendered":"<p>La actual Junta Municipal qued\u00f3 conformada el 20 de julio de 2023. Estos son sus componentes:<\/p>\n<p>1. D. David Campoy S\u00e1nchez (Alcalde-Presidente) &#8211; Partido Popular<\/p>\n<p>2. D. Jorge Alejandro Fern\u00e1ndez Hidalgo &#8211; (Vicepresidente) &#8211; Vocal Partido Popular<\/p>\n<p>3. D\u00f1a. Mar\u00eda Concepci\u00f3n Alacid Mart\u00ednez &#8211; Vocal Partido Popular<\/p>\n<p>4. D\u00f1a. Juan Pedro Zamora Garc\u00eda- Vocal Partido Popular<\/p>\n<p>5. D\u00f1a. Alicia L\u00f3pez Oliva- Vocal Partido Popular<\/p>\n<p>6. D. Enrique Fern\u00e1ndez Mu\u00f1oz &#8211; Vocal Partido Popular<\/p>\n<p>7. D\u00f1a. Susana Mu\u00f1oz Guill\u00e9n &#8211; Vocal Partido Socialista<\/p>\n<p>En el momento de la constituci\u00f3n de esta Junta, el grupo VOX no present\u00f3 sus vocales.<\/p>\n<p><img loading=\"lazy\" decoding=\"async\" class=\"alignnone size-full wp-image-5484\" src=\"https:\/\/monteagudo.info\/web\/wp-content\/uploads\/2023\/07\/junta23-27.jpg\" alt=\"\" width=\"1024\" height=\"768\" srcset=\"https:\/\/monteagudo.info\/web\/wp-content\/uploads\/2023\/07\/junta23-27.jpg 1024w, https:\/\/monteagudo.info\/web\/wp-content\/uploads\/2023\/07\/junta23-27-300x225.jpg 300w, https:\/\/monteagudo.info\/web\/wp-content\/uploads\/2023\/07\/junta23-27-768x576.jpg 768w, https:\/\/monteagudo.info\/web\/wp-content\/uploads\/2023\/07\/junta23-27-555x416.jpg 555w\" sizes=\"auto, (max-width: 1024px) 100vw, 1024px\" \/><\/p>\n<h2>Plenos de la Junta Municipal<\/h2>\n<p style=\"text-align: justify;\">El Pleno de la Junta Municipal es la Asamblea en la que se debaten los asuntos relativos a la gesti\u00f3n de la Junta Municipal. Los plenos ordinarios tienen car\u00e1cter p\u00fablico, por lo que se puede asistir libremente como oyente, para conocer de primera mano lo que en ellos se decide.<\/p>\n<p style=\"text-align: justify;\">Se celebran en el Sal\u00f3n de Actos de la oficina de la Alcald\u00eda de Monteagudo, con una periodicidad de una vez cada dos meses. En la actual legislatura se celebrar\u00e1n, salvo indicaci\u00f3n en contra, a las 21:00 horas en primera convocatoria.<\/p>\n<p style=\"text-align: justify;\">La convocatoria de cada pleno ordinario, as\u00ed como la de los plenos extraordinarios, ser\u00e1 publicada por los medios legalmente establecidos en el tiempo y forma que dictamine la ley vigente.<\/p>\n","protected":false},"excerpt":{"rendered":"<p>La actual Junta Municipal qued\u00f3 conformada el 20 de julio de 2023. Estos son sus componentes:<\/p>\n<p>1. D. David Campoy S\u00e1nchez (Alcalde-Presidente) &#8211; Partido Popular<\/p>\n<p>2. D. Jorge Alejandro Fern\u00e1ndez Hidalgo &#8211; (Vicepresidente) &#8211; Vocal Partido Popular<\/p>\n<p>3. D\u00f1a. Mar\u00eda Concepci\u00f3n Alacid Mart\u00ednez &#8211; Vocal Partido Popular<\/p>\n<p>4. D\u00f1a. Juan Pedro Zamora Garc\u00eda- Vocal Partido &hellip; <\/p>\n<p><a class=\"more-link btn\" href=\"https:\/\/monteagudo.info\/web\/secciones\/junta-municipal\/\">Seguir leyendo<\/a><\/p>\n","protected":false},"author":1,"featured_media":3560,"parent":57,"menu_order":1,"comment_status":"closed","ping_status":"closed","template":"","meta":{"footnotes":""},"class_list":["post-9","page","type-page","status-publish","has-post-thumbnail","hentry","nodate","item-wrap"],"jetpack_sharing_enabled":true,"_links":{"self":[{"href":"https:\/\/monteagudo.info\/web\/wp-json\/wp\/v2\/pages\/9","targetHints":{"allow":["GET"]}}],"collection":[{"href":"https:\/\/monteagudo.info\/web\/wp-json\/wp\/v2\/pages"}],"about":[{"href":"https:\/\/monteagudo.info\/web\/wp-json\/wp\/v2\/types\/page"}],"author":[{"embeddable":true,"href":"https:\/\/monteagudo.info\/web\/wp-json\/wp\/v2\/users\/1"}],"replies":[{"embeddable":true,"href":"https:\/\/monteagudo.info\/web\/wp-json\/wp\/v2\/comments?post=9"}],"version-history":[{"count":22,"href":"https:\/\/monteagudo.info\/web\/wp-json\/wp\/v2\/pages\/9\/revisions"}],"predecessor-version":[{"id":5485,"href":"https:\/\/monteagudo.info\/web\/wp-json\/wp\/v2\/pages\/9\/revisions\/5485"}],"up":[{"embeddable":true,"href":"https:\/\/monteagudo.info\/web\/wp-json\/wp\/v2\/pages\/57"}],"wp:featuredmedia":[{"embeddable":true,"href":"https:\/\/monteagudo.info\/web\/wp-json\/wp\/v2\/media\/3560"}],"wp:attachment":[{"href":"https:\/\/monteagudo.info\/web\/wp-json\/wp\/v2\/media?parent=9"}],"curies":[{"name":"wp","href":"https:\/\/api.w.org\/{rel}","templated":true}]}}